**2 - 7048*l + 210806. Calculate b(850).
6
Let r(x) = 134619*x - 1615423. Determine r(12).
5
Let v(i) = 984*i + 9115. Give v(-12).
-2693
Let s(a) = a**2 - 228*a - 22024. Calculate s(-74).
324
Let s(n) = -n**3 - 37*n**2 + 6*n + 1729. What is s(-36)?
217
Let q(j) = -2*j**2 + 26*j + 360. Give q(22).
-36
Let d(i) = 35851*i - 107558. Give d(3).
-5
Let j(n) = 14*n**2 - 1008*n - 254. What is j(71)?
-1248
Let i(c) = 4758*c**3 - c**2 - 151*c - 149. What is i(-1)?
-4757
Let o(u) = u**3 + 13*u**2 + 363*u + 2014. Give o(-6).
88
Let y(h) = h**2 - 18*h - 11159. Give y(-97).
-4
Let f(k) = 1511*k + 1922. Calculate f(-2).
-1100
Let x(i) = 7774*i + 101047. Calculate x(-13).
-15
Let v(t) = -10*t**2 - 1158*t + 5846. What is v(5)?
-194
Let o(r) = -r**2 - 279458*r + 558921. Calculate o(2).
1
Let h(c) = -1869*c - 61639. Calculate h(-33).
38
Let q(x) = -1125*x + 48390. Give q(43).
15
Let b(o) = -2*o**3 + 133*o**2 + 202*o - 7. What is b(68)?
-143
Let k(y) = -y**3 + 83*y**2 - 160*y - 23. Give k(81).
139
Let j(k) = 5*k**3 + 19*k**2 - 115*k - 4. What is j(-7)?
17
Let w(g) = 19*g**3 - 4*g**2 - 43*g + 56. Give w(5).
2116
Let a(l) = -21*l**3 + 2*l**2 - 2*l - 8. What is a(2)?
-172
Let l(o) = 186*o + 12154. Calculate l(-101).
-6632
Let z(c) = -c**2 + 30*c - 14. Give z(20).
186
Let n(o) = -2*o**3 - 14*o**2 - 34*o - 165. Give n(-6).
-33
Let z(x) = -10*x**2 + 902*x - 9369. Determine z(12).
15
Let t(s) = -3863*s + 28739. Calculate t(7).
1698
Let i(b) = b**2 + 9451*b - 28360. What is i(3)?
2
Let y(u) = -8*u**2 - 103*u - 306. Give y(-3).
-69
Let n(c) = -42809*c + 4366501. What is n(102)?
-17
Let c(l) = -136074*l + 3129614. Determine c(23).
-88
Let g(s) = -409*s**2 - 77294*s + 1317. Determine g(-189).
-6
Let w(z) = -18*z**2 + 104*z + 647. What is w(-6)?
-625
Let y(b) = -298*b + 6585. Calculate y(14).
2413
Let v(x) = 624*x - 6340. Give v(10).
-100
Let p(w) = -9*w**2 - 237*w + 4973. Calculate p(14).
-109
Let l(i) = 232276*i + 21601686. What is l(-93)?
18
Let t(m) = 1550*m - 24179. Calculate t(15).
-929
Let w(k) = k**2 + 4888*k + 632399. Determine w(-133).
-16
Let t(s) = -908*s**2 - 4384*s. What is t(-5)?
-780
Let p(f) = 344*f + 29913. Determine p(-87).
-15
Let r(y) = -283016*y + 2830163. Calculate r(10).
3
Let n(u) = -2*u**3 - 116*u**2 + 756*u - 425. What is n(-64)?
343
Let d(u) = -8*u**2 - 1081*u + 2173. Determine d(-134).
3379
Let u(f) = 2*f**3 + 7*f**2 + 130*f - 309. Give u(2).
-5
Let t(x) = -62*x**3 + 555*x**2 - 61*x + 784. Calculate t(9).
-8
Let r(f) = -f**3 + 1004*f**2 + 3052*f + 97. What is r(-3)?
4
Let p(f) = -f**3 + 83*f**2 + 1884*f - 79886. Calculate p(94).
14
Let n(o) = -99773*o + 1197046. Determine n(12).
-230
Let l(w) = -1880*w + 127829. Give l(68).
-11
Let j(k) = 2*k**3 + 199*k**2 - 695*k + 906. What is j(-103)?
-1772
Let m(l) = 4*l**3 + 406*l**2 + 3766*l - 5088. What is m(-91)?
8
Let f(q) = -2*q**2 + 145*q + 354. Calculate f(0).
354
Let w(x) = 2653*x + 315712. Determine w(-119).
5
Let z(o) = -2*o**2 - 34421*o + 275498. Determine z(8).
2
Let z(c) = 4*c**3 - 64*c**2 - 236*c + 158. Give z(19).
6
Let b(t) = -3*t**2 - 239*t + 2421. What is b(-89)?
-71
Let u(j) = j**3 - 6*j**2 - 20*j + 82. Determine u(-7).
-415
Let p(x) = -238*x + 2204. What is p(10)?
-176
Let t(o) = -613*o + 77823. Determine t(127).
-28
Let q(y) = 3889*y**2 - 143892*y - 32. What is q(37)?
5
Let z(j) = j**3 - 34*j**2 - 1199*j - 52. What is z(55)?
-2472
Let g(z) = z**3 - 17*z**2 - 797*z - 10623. Determine g(42).
3
Let n(f) = -f**3 + 141*f**2 - 2992*f + 455. Calculate n(115).
225
Let i(d) = 82219*d + 11921758. Calculate i(-145).
3
Let d(i) = -3*i**3 + 8*i**2 + 55*i + 182. Give d(-5).
482
Let u(a) = -3143*a + 18921. What is u(6)?
63
Let c(r) = 118*r**2 + 705*r - 11. Determine c(-6).
7
Let h(d) = -12*d**2 + 222*d + 5767. Give h(33).
25
Let r(y) = 28*y**3 - 3445*y**2 + 119*y + 416. Give r(123).
-76
Let m(a) = a**2 + 5*a - 4416. Calculate m(-48).
-2352
Let o(u) = -5*u**2 + 975*u + 8564. Calculate o(-9).
-616
Let o(z) = -203364*z - 1. Give o(0).
-1
Let i(u) = 643*u**2 + 18645*u - 50. Calculate i(-29).
8
Let p(g) = 173*g - 29820. Calculate p(171).
-237
Let b(d) = -328*d - 9107. Determine b(-28).
77
Let u(p) = -55*p - 2111. Calculate u(-34).
-241
Let g(a) = 480*a + 14921. Give g(-32).
-439
Let i(d) = -2552*d + 20498. Determine i(8).
82
Let s(z) = 2769*z + 23491. Calculate s(-9).
-1430
Let a(u) = u**3 - 58*u**2 + 13*u - 7936. What is a(60)?
44
Let o(u) = 58*u - 960. What is o(11)?
-322
Let g(b) = -b**2 - 1186*b - 154514. Give g(-149).
-1
Let x(w) = 931*w - 115755. Determine x(124).
-311
Let k(i) = 212*i**3 + 29*i**2 + 12*i - 19. What is k(-1)?
-214
Let z(k) = 2*k**2 - 800*k - 145803. Calculate z(-136).
-11
Let r(x) = -3*x**3 + 467*x**2 + 3077*x - 31. Give r(162).
-193
Let k(b) = -6*b**2 + 437*b + 12658. Calculate k(-27).
-3515
Let f(k) = 11*k**2 + 1608*k + 7969. What is f(-5)?
204
Let p(z) = 226*z - 30460. What is p(132)?
-628
Let n(v) = 103*v**3 - 17*v**2 - 56*v - 38. What is n(-1)?
-102
Let f(g) = -g**3 - 793*g**2 - 4768*g - 36208. Determine f(-787).
-6
Let n(j) = 91*j**2 - 3104*j + 400. Give n(34).
60
Let b(f) = -144*f**2 - 21*f - 35. What is b(-2)?
-569
Let j(x) = -4*x**2 - 944*x - 19630. Determine j(-20).
-2350
Let f(b) = -2290*b - 265625. Give f(-116).
15
Let q(f) = f**3 + 325*f**2 - 1307*f + 10. What is q(4)?
46
Let t(j) = j**3 + 25*j**2 + 335*j + 1168. What is t(-8)?
-424
Let s(y) = -y**2 + 4411*y + 286455. Give s(-64).
55
Let d(f) = 2*f**3 - 145*f**2 - 400*f + 699. Calculate d(75).
-1176
Let a(t) = -355341*t + 1421412. Give a(4).
48
Let g(m) = m**3 - 27*m**2 - 572*m - 75. Give g(-14).
-103
Let n(h) = -33*h**2 - 1809*h + 1810. What is n(1)?
-32
Let p(z) = 11093*z + 54756. Calculate p(-5).
-709
Let q(o) = -o**3 + 1026*o**2 + 98035*o + 249. Give q(-88).
-15
Let u(g) = 545*g + 3779. Give u(-7).
-36
Let l(c) = 158*c**2 + 444*c - 448. Calculate l(1).
154
Let o(p) = -p**3 - 24*p**2 + 85*p + 252. Give o(5).
-48
Let r(h) = -317526*h - 635039. Give r(-2).
13
Let w(k) = 1074*k - 190981. Determine w(178).
191
Let m(g) = 105*g**2 + 7663*g + 469. Determine m(-73).
615
Let c(t) = -106*t + 16503. What is c(159)?
-351
Let u(a) = -a**3 - 23*a**2 - 343*a - 594. Give u(-2).
8
Let w(t) = -141303*t - 1554320. Determine w(-11).
13
Let s(z) = -11*z**2 + 821*z + 52. What is s(75)?
-248
Let w(o) = -287*o**2 - 522*o + 30. Determine w(-2).
-74
Let u(h) = 64*h**2 - 642*h + 3218. What is u(5)?
1608
Let u(h) = 3*h**3 - 22*h**2 - 640*h - 1694. Determine u(-3).
-53
Let l(u) = u**2 - 60*u + 714. What is l(44)?
10
Let u(a) = -2*a**3 - 55*a**2 - 901*a - 15944. Calculate u(-23).
18
Let v(q) = -9*q**2 + 3903*q - 2644. What is v(433)?
-46
Let r(q) = -47*q**2 + 1091*q - 2834. Determine r(3).
16
Let x(u) = 4168*u + 204307. Determine x(-49).
75
Let s(x) = 3053*x - 24479. Calculate s(8).
-55
Let q(k) = -10752*k + 473100. Determine q(44).
12
Let r(h) = -2*h**2 - 5631*h - 16885. Determine r(-3).
-10
Let c(n) = -28*n**2 + 553*n - 9. Give c(18).
873
Let y(z) = 4805*z + 225643. Calculate y(-47).
-192
Let l(j) = -9346*j - 9486. Calculate l(-1).
-140
Let g(o) = -o**2 - 880*o - 25498. Determine g(-30).
2
Let t(k) = 13405*k - 1085801. Give t(81).
4
Let i(h) = -h**3 - 36*h**2 + 334*h - 683. Calculate i(4).
13
Let x(m) = m**3 + 39*m**2 + 235*m - 436. What is x(-31)?
-33
Let z(b) = 18*b**2 - 173*b - 1052. Determine z(-14).
4898
Let o(a) = -a**2 + 1766*a - 137451. Calculate o(82).
637
Let j(r) = 31*r**2 - 150*r + 22. Give j(6).
238
Let l(d) = -d**2 - 551*d + 10244. Determine l(18).
2
Let h(n) = -5*n**2 - 41*n - 25. What is h(4)?
-269
Let z(j) = -13*j**2 - 35284*j + 105950. What is z(3)?
-19
Let y(h) = 49769*h - 49732. What is y(1)?
37
Let z(f) = 3145*f + 47008. Give z(-15).
-167
Let c(o) = 138*o - 7671. Determine c(53).
-357
Let s(g) = 1542*g**2 + 52275*g - 5195. What is s(-34)?
7
Let d(z) = -39494*z + 36269. What is d(1)?
-3225
Let d(f) = -6*f**3 - 1366*f**2 - 942*f - 7709. Give d(-227).
9
Let k(d) = 36*d**2 + 19523*d + 19524. Determine k(-1).
37
Let u(d) = -56*d**2 - 72. What is u(-6)?
-2088
Let z(j) = j**2 - 3710*j - 22313. Determine z(-6).
-17
Let q(a) = 1221*a - 19661. Calculate q(16).
-125
Let x(t) = 140*t**2 - 56*t + 27. Determine x(2).
475
Let m(b) = -b**2 + 42*b - 253. Give m(9).
44
Let z(k) = 2*k**2 - 9958*k + 395122. Calculate z(40).
2
Let i(m) = 8*